{"id":378,"date":"2024-04-09T17:02:06","date_gmt":"2024-04-09T15:02:06","guid":{"rendered":"https:\/\/pstudiosxyz.com\/?post_type=product&#038;p=378"},"modified":"2024-04-09T17:02:06","modified_gmt":"2024-04-09T15:02:06","slug":"titan-hembra-annie-leonhart","status":"publish","type":"product","link":"https:\/\/pstudiosxyz.com\/index.php\/product\/titan-hembra-annie-leonhart\/","title":{"rendered":"Tit\u00e1n Hembra &#8211; ANNIE LEONHART"},"content":{"rendered":"<p>Busto de la jefa, la crack, la m\u00e1s reshulona, Annie Leonhart el tit\u00e1n hembra.<\/p>\n<p>Ataca m\u00e1s que el tit\u00e1n de ataque, le puede al acorazado, se raja a quien le pongan delante (excepto al Levi), no se dejen enga\u00f1ar por el nombre cutre que le pusieron.<br \/>\nPintado a mano con mucho cari\u00f1o y toda la pesca.<\/p>\n","protected":false},"excerpt":{"rendered":"<p>Busto de la jefa, la crack, la m\u00e1s reshulona, Annie Leonhart el tit\u00e1n hembra.<\/p>\n","protected":false},"featured_media":373,"comment_status":"open","ping_status":"closed","template":"","meta":{"site-sidebar-layout":"default","site-content-layout":"","ast-site-content-layout":"default","site-content-style":"default","site-sidebar-style":"default","ast-global-header-display":"","ast-banner-title-visibility":"","ast-main-header-display":"","ast-hfb-above-header-display":"","ast-hfb-below-header-display":"","ast-hfb-mobile-header-display":"","site-post-title":"","ast-breadcrumbs-content":"","ast-featured-img":"","footer-sml-layout":"","theme-transparent-header-meta":"default","adv-header-id-meta":"","stick-header-meta":"","header-above-stick-meta":"","header-main-stick-meta":"","header-below-stick-meta":"","astra-migrate-meta-layouts":"set","ast-page-background-enabled":"default","ast-page-background-meta":{"desktop":{"background-color":"var(--ast-global-color-4)","background-image":"","background-repeat":"repeat","background-position":"center center","background-size":"auto","background-attachment":"scroll","background-type":"","background-media":"","overlay-type":"","overlay-color":"","overlay-gradient":""},"tablet":{"background-color":"","background-image":"","background-repeat":"repeat","background-position":"center center","background-size":"auto","background-attachment":"scroll","background-type":"","background-media":"","overlay-type":"","overlay-color":"","overlay-gradient":""},"mobile":{"background-color":"","background-image":"","background-repeat":"repeat","background-position":"center center","background-size":"auto","background-attachment":"scroll","background-type":"","background-media":"","overlay-type":"","overlay-color":"","overlay-gradient":""}},"ast-content-background-meta":{"desktop":{"background-color":"var(--ast-global-color-5)","background-image":"","background-repeat":"repeat","background-position":"center center","background-size":"auto","background-attachment":"scroll","background-type":"","background-media":"","overlay-type":"","overlay-color":"","overlay-gradient":""},"tablet":{"background-color":"var(--ast-global-color-5)","background-image":"","background-repeat":"repeat","background-position":"center center","background-size":"auto","background-attachment":"scroll","background-type":"","background-media":"","overlay-type":"","overlay-color":"","overlay-gradient":""},"mobile":{"background-color":"var(--ast-global-color-5)","background-image":"","background-repeat":"repeat","background-position":"center center","background-size":"auto","background-attachment":"scroll","background-type":"","background-media":"","overlay-type":"","overlay-color":"","overlay-gradient":""}}},"product_cat":[45,46],"product_tag":[47,50,44,39,48,43,49],"class_list":{"0":"post-378","1":"product","2":"type-product","3":"status-publish","4":"has-post-thumbnail","6":"product_cat-bustos","7":"product_cat-shingeki-no-kyojin","8":"product_tag-3d-print","9":"product_tag-anime","10":"product_tag-busto","11":"product_tag-edgy","12":"product_tag-impresion-3d","13":"product_tag-sexy","14":"product_tag-snk","15":"desktop-align-left","16":"tablet-align-left","17":"mobile-align-left","19":"first","20":"onbackorder","21":"sale","22":"taxable","23":"shipping-taxable","24":"purchasable","25":"product-type-simple"},"aioseo_notices":[],"_links":{"self":[{"href":"https:\/\/pstudiosxyz.com\/index.php\/wp-json\/wp\/v2\/product\/378","targetHints":{"allow":["GET"]}}],"collection":[{"href":"https:\/\/pstudiosxyz.com\/index.php\/wp-json\/wp\/v2\/product"}],"about":[{"href":"https:\/\/pstudiosxyz.com\/index.php\/wp-json\/wp\/v2\/types\/product"}],"replies":[{"embeddable":true,"href":"https:\/\/pstudiosxyz.com\/index.php\/wp-json\/wp\/v2\/comments?post=378"}],"wp:featuredmedia":[{"embeddable":true,"href":"https:\/\/pstudiosxyz.com\/index.php\/wp-json\/wp\/v2\/media\/373"}],"wp:attachment":[{"href":"https:\/\/pstudiosxyz.com\/index.php\/wp-json\/wp\/v2\/media?parent=378"}],"wp:term":[{"taxonomy":"product_cat","embeddable":true,"href":"https:\/\/pstudiosxyz.com\/index.php\/wp-json\/wp\/v2\/product_cat?post=378"},{"taxonomy":"product_tag","embeddable":true,"href":"https:\/\/pstudiosxyz.com\/index.php\/wp-json\/wp\/v2\/product_tag?post=378"}],"curies":[{"name":"wp","href":"https:\/\/api.w.org\/{rel}","templated":true}]}}